{"id":1889,"date":"2026-03-30T13:48:20","date_gmt":"2026-03-30T11:48:20","guid":{"rendered":"https:\/\/demuller.es\/?post_type=product&#038;p=1889"},"modified":"2026-08-25T16:42:27","modified_gmt":"2026-08-25T14:42:27","slug":"les-pusses-copia","status":"publish","type":"product","link":"https:\/\/demuller.es\/ca\/producto\/les-pusses-copia\/","title":{"rendered":"Gran\u00edtic"},"content":{"rendered":"<p>Gran\u00edtic \u00e9s un vi blanc de finca \u00fanica elaborat amb 100% Garnatxa Blanca procedent de les nostres vinyes de Mas de Barber\u00e0, situades a 450 metres d\u2019altitud a les muntanyes de l\u2019Albiol.<\/p>\n<p>Amb una intervenci\u00f3 m\u00ednima, aquest vi expressa amb puresa el seu origen mediterrani: un perfil prec\u00eds, net i vertical, on destaquen la frescor natural, l\u2019eleg\u00e0ncia i la identitat del terrer.<\/p>\n<p>Fermentat amb llevats aut\u00f2ctons en dip\u00f2sits d\u2019acer inoxidable i criat durant quatre mesos en ous de granit amb lies fines i b\u00e2tonnage natural.<\/p>\n<p>Al nas ofereix notes de flors blanques, c\u00edtrics frescos i una marcada mineralitat amb un subtil toc sal\u00ed. En boca \u00e9s fresc i fluid, amb acidesa equilibrada, car\u00e0cter mineral i un final llarg i plaent. <\/p>\n<p>Ideal per acompanyar amanides, verdures fresques, formatges suaus i marisc.<\/p>\n","protected":false},"excerpt":{"rendered":"<p>Gran\u00edtic \u00e9s un vi blanc de finca \u00fanica elaborat amb Garnatxa Blanca. Fresc, mineral i elegant, amb crian\u00e7a en ous de granit que potencia el seu car\u00e0cter i puresa. Ideal per gaudir amb plats lleugers i marisc.  <\/p>\n","protected":false},"featured_media":1892,"template":"","meta":{"_acf_changed":false,"slim_seo":{"title":"Gran\u00edtic | Vi blanc de Garnatxa Blanca - De Muller","description":"Vi blanc de finca \u00fanica elaborat amb Garnatxa Blanca. Fresc, mineral i elegant, amb crian\u00e7a en ous de granit."}},"product_brand":[],"product_cat":[155,162,131,95],"product_tag":[147,141,146,149,148,99,142,145,143,144,97],"class_list":["post-1889","product","type-product","status-publish","has-post-thumbnail","product_cat-colleccio-terroir","product_cat-frescor-i-vida","product_cat-noves-colleccions","product_cat-vins-d-o-tarragona","product_tag-albiol","product_tag-garnatxa-blanca","product_tag-mas-de-barbera","product_tag-noves-colleccions","product_tag-tarragona","product_tag-vi-blanc","product_tag-vi-de-terrer","product_tag-vi-fresc","product_tag-vi-mediterrani","product_tag-vi-mineral","product_tag-vi-negre","first","instock","featured","shipping-taxable","purchasable","product-type-simple"],"acf":[],"_links":{"self":[{"href":"https:\/\/demuller.es\/ca\/wp-json\/wp\/v2\/product\/1889","targetHints":{"allow":["GET"]}}],"collection":[{"href":"https:\/\/demuller.es\/ca\/wp-json\/wp\/v2\/product"}],"about":[{"href":"https:\/\/demuller.es\/ca\/wp-json\/wp\/v2\/types\/product"}],"version-history":[{"count":2,"href":"https:\/\/demuller.es\/ca\/wp-json\/wp\/v2\/product\/1889\/revisions"}],"predecessor-version":[{"id":1894,"href":"https:\/\/demuller.es\/ca\/wp-json\/wp\/v2\/product\/1889\/revisions\/1894"}],"wp:featuredmedia":[{"embeddable":true,"href":"https:\/\/demuller.es\/ca\/wp-json\/wp\/v2\/media\/1892"}],"wp:attachment":[{"href":"https:\/\/demuller.es\/ca\/wp-json\/wp\/v2\/media?parent=1889"}],"wp:term":[{"taxonomy":"product_brand","embeddable":true,"href":"https:\/\/demuller.es\/ca\/wp-json\/wp\/v2\/product_brand?post=1889"},{"taxonomy":"product_cat","embeddable":true,"href":"https:\/\/demuller.es\/ca\/wp-json\/wp\/v2\/product_cat?post=1889"},{"taxonomy":"product_tag","embeddable":true,"href":"https:\/\/demuller.es\/ca\/wp-json\/wp\/v2\/product_tag?post=1889"}],"curies":[{"name":"wp","href":"https:\/\/api.w.org\/{rel}","templated":true}]}}

Granític

<p>Granític és un vi blanc de finca única elaborat amb 100% Garnatxa Blanca procedent de les nostres vinyes de Mas de Barberà, situades a 450 metres d’altitud a les muntanyes de l’Albiol.</p>
<p>Amb una intervenció mínima, aquest vi expressa amb puresa el seu origen mediterrani: un perfil precís, net i vertical, on destaquen la frescor natural, l’elegància i la identitat del terrer.</p>
<p>Fermentat amb llevats autòctons en dipòsits d’acer inoxidable i criat durant quatre mesos en ous de granit amb lies fines i bâtonnage natural.</p>
<p>Al nas ofereix notes de flors blanques, cítrics frescos i una marcada mineralitat amb un subtil toc salí. En boca és fresc i fluid, amb acidesa equilibrada, caràcter mineral i un final llarg i plaent. </p>
<p>Ideal per acompanyar amanides, verdures fresques, formatges suaus i marisc.</p>

<p>Granític és un vi blanc de finca única elaborat amb Garnatxa Blanca. Fresc, mineral i elegant, amb criança en ous de granit que potencia el seu caràcter i puresa. Ideal per gaudir amb plats lleugers i marisc.  </p>

Granític | Vi blanc de Garnatxa Blanca - De Muller

Vi blanc de finca única elaborat amb Garnatxa Blanca. Fresc, mineral i elegant, amb criança en ous de granit.
