{"id":1904,"date":"2026-03-30T15:46:09","date_gmt":"2026-03-30T13:46:09","guid":{"rendered":"https:\/\/demuller.es\/?post_type=product&#038;p=1904"},"modified":"2026-08-25T16:41:42","modified_gmt":"2026-08-25T14:41:42","slug":"granitic-copia","status":"publish","type":"product","link":"https:\/\/demuller.es\/ca\/producto\/granitic-copia\/","title":{"rendered":"La Cresta"},"content":{"rendered":"<p>La Cresta \u00e9s un vi negre monovarietal de Carinyena procedent de les nostres vinyes al Mas de Barber\u00e0, situades a 500 metres d&#8217;altitud a la serra de l&#8217;Albiol. Cultivat en terrasses sobre s\u00f2ls de llicorella, expressa de manera \u00fanica la mineralitat del terrer i la frescor de l&#8217;entorn mediterrani. <\/p>\n<p>Elaborat amb la m\u00ednima intervenci\u00f3, \u00e9s un vi prec\u00eds, net i vertical. Fermentat amb llevats aut\u00f2ctons i criat durant quatre mesos sobre lies fines en ous de granit, seguit d&#8217;una maduraci\u00f3 en barriques de 700 litres d&#8217;\u00fas previ. <\/p>\n<p>En nas \u00e9s elegant i expressiu, amb notes de fruits negres madurs com cireres, m\u00f3res i nabius, acompanyades de matisos especiats i minerals. En boca \u00e9s fresc i fluid, amb una acidesa equilibrada, textura rodona i un final llarg, sal\u00ed i persistent. <\/p>\n<p>Ideal per acompanyar carns a la brasa, verdures, bolets i formatges curats.<\/p>\n","protected":false},"excerpt":{"rendered":"<p>Vi negre de Carinyena amb perfil fresc i mineral. Elegant, expressiu i amb un final llarg, ideal per a carns, bolets i formatges curats. <\/p>\n","protected":false},"featured_media":1907,"template":"","meta":{"_acf_changed":false,"slim_seo":{"title":"La Cresta | Vi negre de Carinyena - De Muller","description":"Vi negre de Carinyena fresc i mineral, amb crian\u00e7a en ou de granit. Elegant, expressiu i amb un final llarg."}},"product_brand":[],"product_cat":[155,162,131,95],"product_tag":[147,152,141,146,149,148,99,142,153,145,143,144,97],"class_list":["post-1904","product","type-product","status-publish","has-post-thumbnail","product_cat-colleccio-terroir","product_cat-frescor-i-vida","product_cat-noves-colleccions","product_cat-vins-d-o-tarragona","product_tag-albiol","product_tag-carinyena","product_tag-garnatxa-blanca","product_tag-mas-de-barbera","product_tag-noves-colleccions","product_tag-tarragona","product_tag-vi-blanc","product_tag-vi-de-terrer","product_tag-vi-elegant","product_tag-vi-fresc","product_tag-vi-mediterrani","product_tag-vi-mineral","product_tag-vi-negre","first","instock","featured","shipping-taxable","purchasable","product-type-simple"],"acf":[],"_links":{"self":[{"href":"https:\/\/demuller.es\/ca\/wp-json\/wp\/v2\/product\/1904","targetHints":{"allow":["GET"]}}],"collection":[{"href":"https:\/\/demuller.es\/ca\/wp-json\/wp\/v2\/product"}],"about":[{"href":"https:\/\/demuller.es\/ca\/wp-json\/wp\/v2\/types\/product"}],"version-history":[{"count":2,"href":"https:\/\/demuller.es\/ca\/wp-json\/wp\/v2\/product\/1904\/revisions"}],"predecessor-version":[{"id":1909,"href":"https:\/\/demuller.es\/ca\/wp-json\/wp\/v2\/product\/1904\/revisions\/1909"}],"wp:featuredmedia":[{"embeddable":true,"href":"https:\/\/demuller.es\/ca\/wp-json\/wp\/v2\/media\/1907"}],"wp:attachment":[{"href":"https:\/\/demuller.es\/ca\/wp-json\/wp\/v2\/media?parent=1904"}],"wp:term":[{"taxonomy":"product_brand","embeddable":true,"href":"https:\/\/demuller.es\/ca\/wp-json\/wp\/v2\/product_brand?post=1904"},{"taxonomy":"product_cat","embeddable":true,"href":"https:\/\/demuller.es\/ca\/wp-json\/wp\/v2\/product_cat?post=1904"},{"taxonomy":"product_tag","embeddable":true,"href":"https:\/\/demuller.es\/ca\/wp-json\/wp\/v2\/product_tag?post=1904"}],"curies":[{"name":"wp","href":"https:\/\/api.w.org\/{rel}","templated":true}]}}

<p>La Cresta és un vi negre monovarietal de Carinyena procedent de les nostres vinyes al Mas de Barberà, situades a 500 metres d&#8217;altitud a la serra de l&#8217;Albiol. Cultivat en terrasses sobre sòls de llicorella, expressa de manera única la mineralitat del terrer i la frescor de l&#8217;entorn mediterrani. </p>
<p>Elaborat amb la mínima intervenció, és un vi precís, net i vertical. Fermentat amb llevats autòctons i criat durant quatre mesos sobre lies fines en ous de granit, seguit d&#8217;una maduració en barriques de 700 litres d&#8217;ús previ. </p>
<p>En nas és elegant i expressiu, amb notes de fruits negres madurs com cireres, móres i nabius, acompanyades de matisos especiats i minerals. En boca és fresc i fluid, amb una acidesa equilibrada, textura rodona i un final llarg, salí i persistent. </p>
<p>Ideal per acompanyar carns a la brasa, verdures, bolets i formatges curats.</p>

Vi negre de Carinyena fresc i mineral, amb criança en ou de granit. Elegant, expressiu i amb un final llarg.
