{"id":1912,"date":"2026-03-30T16:24:25","date_gmt":"2026-03-30T14:24:25","guid":{"rendered":"https:\/\/demuller.es\/?post_type=product&#038;p=1912"},"modified":"2026-08-25T16:40:11","modified_gmt":"2026-08-25T14:40:11","slug":"la-cresta-copia","status":"publish","type":"product","link":"https:\/\/demuller.es\/ca\/producto\/la-cresta-copia\/","title":{"rendered":"Solit\u00e0ria"},"content":{"rendered":"<p>Solit\u00e0ria \u00e9s un vi negre de Garnatxa procedent de la parcel\u00b7la m\u00e9s elevada de Costers de Lo Cabal\u00f3, al cor del Priorat. Conreat en terrasses sobre s\u00f2ls de pissarra (llicorella) i amb vinyes velles, expressa amb puresa l&#8217;ess\u00e8ncia del terrer. <\/p>\n<p>Elaborat amb m\u00ednima intervenci\u00f3, fermentat amb llevats aut\u00f2ctons i criat durant un any en b\u00f3tes de 700 litres de tercer \u00fas, \u00e9s un vi prec\u00eds, elegant i altament expressiu.<\/p>\n<p>En nas destaca pel seu perfil net i vertical, amb fruites vermelles madures com maduixes, cireres i groselles, acompanyades de notes florals i un fons mineral caracter\u00edstic. En boca \u00e9s delicat, sed\u00f3s i fresc, amb acidesa vibrant, tanins suaus i un final llarg i elegant. <\/p>\n<p>Ideal per a acompanyar carpaccios, verdures a la brasa, carns vermelles i formatges curats.<\/p>\n","protected":false},"excerpt":{"rendered":"<p>Vi negre de Carinyena amb perfil fresc i mineral. Elegant, expressiu i amb un final llarg, ideal per a carns, bolets i formatges curats. <\/p>\n","protected":false},"featured_media":1915,"template":"","meta":{"_acf_changed":false,"slim_seo":{"title":"Solit\u00e0ria | Vi negre de Garnatxa del Priorat - De Muller","description":"Vi negre de Garnatxa del Priorat, elegant i mineral. Fresc, sed\u00f3s i amb final llarg. Producci\u00f3 limitada."}},"product_brand":[],"product_cat":[131,161,113,117],"product_tag":[147,152,141,146,149,148,99,142,153,145,143,144,97],"class_list":["post-1912","product","type-product","status-publish","has-post-thumbnail","product_cat-noves-colleccions","product_cat-prestigi-i-territori","product_cat-vins-d-o-q-priorat","product_cat-vins-de-crianca","product_tag-albiol","product_tag-carinyena","product_tag-garnatxa-blanca","product_tag-mas-de-barbera","product_tag-noves-colleccions","product_tag-tarragona","product_tag-vi-blanc","product_tag-vi-de-terrer","product_tag-vi-elegant","product_tag-vi-fresc","product_tag-vi-mediterrani","product_tag-vi-mineral","product_tag-vi-negre","first","instock","featured","shipping-taxable","purchasable","product-type-simple"],"acf":[],"_links":{"self":[{"href":"https:\/\/demuller.es\/ca\/wp-json\/wp\/v2\/product\/1912","targetHints":{"allow":["GET"]}}],"collection":[{"href":"https:\/\/demuller.es\/ca\/wp-json\/wp\/v2\/product"}],"about":[{"href":"https:\/\/demuller.es\/ca\/wp-json\/wp\/v2\/types\/product"}],"version-history":[{"count":2,"href":"https:\/\/demuller.es\/ca\/wp-json\/wp\/v2\/product\/1912\/revisions"}],"predecessor-version":[{"id":1917,"href":"https:\/\/demuller.es\/ca\/wp-json\/wp\/v2\/product\/1912\/revisions\/1917"}],"wp:featuredmedia":[{"embeddable":true,"href":"https:\/\/demuller.es\/ca\/wp-json\/wp\/v2\/media\/1915"}],"wp:attachment":[{"href":"https:\/\/demuller.es\/ca\/wp-json\/wp\/v2\/media?parent=1912"}],"wp:term":[{"taxonomy":"product_brand","embeddable":true,"href":"https:\/\/demuller.es\/ca\/wp-json\/wp\/v2\/product_brand?post=1912"},{"taxonomy":"product_cat","embeddable":true,"href":"https:\/\/demuller.es\/ca\/wp-json\/wp\/v2\/product_cat?post=1912"},{"taxonomy":"product_tag","embeddable":true,"href":"https:\/\/demuller.es\/ca\/wp-json\/wp\/v2\/product_tag?post=1912"}],"curies":[{"name":"wp","href":"https:\/\/api.w.org\/{rel}","templated":true}]}}

Solitària

<p>Solitària és un vi negre de Garnatxa procedent de la parcel·la més elevada de Costers de Lo Cabaló, al cor del Priorat. Conreat en terrasses sobre sòls de pissarra (llicorella) i amb vinyes velles, expressa amb puresa l&#8217;essència del terrer. </p>
<p>Elaborat amb mínima intervenció, fermentat amb llevats autòctons i criat durant un any en bótes de 700 litres de tercer ús, és un vi precís, elegant i altament expressiu.</p>
<p>En nas destaca pel seu perfil net i vertical, amb fruites vermelles madures com maduixes, cireres i groselles, acompanyades de notes florals i un fons mineral característic. En boca és delicat, sedós i fresc, amb acidesa vibrant, tanins suaus i un final llarg i elegant. </p>
<p>Ideal per a acompanyar carpaccios, verdures a la brasa, carns vermelles i formatges curats.</p>

Solitària | Vi negre de Garnatxa del Priorat - De Muller

Vi negre de Garnatxa del Priorat, elegant i mineral. Fresc, sedós i amb final llarg. Producció limitada.
