{"id":961,"date":"2025-05-13T10:52:23","date_gmt":"2025-05-13T08:52:23","guid":{"rendered":"https:\/\/demuller.es\/producto\/vi-negre-reserva-porpores\/"},"modified":"2025-05-13T10:52:23","modified_gmt":"2025-05-13T08:52:23","slug":"vi-negre-reserva-porpores","status":"publish","type":"product","link":"https:\/\/demuller.es\/ca\/producto\/vi-negre-reserva-porpores\/","title":{"rendered":"Vi negre reserva Porpores"},"content":{"rendered":"<p>Excepcional cupatge de Cabernet Sauvignon, Merlot i Tempranillo, procedent de ra\u00efms seleccionats de la nostra finca de Mas de Valls, masia t\u00edpica catalana del segle XIV situada a l&#8217;antiga partida de Les P\u00f3rpores, al municipi de Reus.<\/p>\n<p>De bell color morat amb tonalitats grana i reflexos p\u00farpura.<\/p>\n<p>Ple i complex en aromes, que ens aporten un vi de gran tarann\u00e0, equilibrat i rod\u00f3, amb un bouquet de magn\u00edfica eleg\u00e0ncia i finor. Aroma c\u00e0lid i sensual, de fruites vermelles del bosc, cassis, i suaus notes de pebrot verd, que apareixen fuga\u00e7ment davant la imminent i majestuosa aroma torrefacta i especiada, proporcionada pel seu envelliment en els tres roures, &#8211; franc\u00e8s, hongar\u00e8s i roman\u00e8s-, de cacau, caf\u00e8 i vainilla. <\/p>\n<p>Vi aterciopelat, equilibrat i rod\u00f3, d&#8217;exquisit paladar.<\/p>\n<p>Excel\u00b7lent pas en boca, on fructuositat i roure s&#8217;entrellacen harmoniosament.<\/p>\n<p>De postgust molt prolongat, tant en sabors com en aromes retronasals; tot un plaer per als amants dels negres reserves.<\/p>\n<p>Company de les millors menjades; guisats de carns vermelles, plats t\u00edpics com garr\u00ed o llet\u00f3 al forn, taules de formatges curats o assortiments d&#8217;embotits ib\u00e8rics.<\/p>\n","protected":false},"excerpt":{"rendered":"<p>Vi negre Reserva. El car\u00e0cter concedit pel temps de crian\u00e7a en barriques de roure americ\u00e0 i franc\u00e8s troba la seva correcta evoluci\u00f3 amb la seva guarda en ampolla. <\/p>\n","protected":false},"featured_media":0,"template":"","meta":{"_acf_changed":false,"slim_seo":{"title":"Vi negre reserva Porpores - DeMuller","description":"Vi negre Reserva. El car\u00e0cter concedit pel temps de crian\u00e7a en barriques de roure americ\u00e0 i franc\u00e8s troba la seva correcta evoluci\u00f3 amb la seva guarda en ampoll"}},"product_brand":[],"product_cat":[96,95],"product_tag":[97],"class_list":["post-961","product","type-product","status-publish","product_cat-gamma-reserva","product_cat-vins-d-o-tarragona","product_tag-vi-negre","first","instock","shipping-taxable","purchasable","product-type-simple"],"acf":[],"_links":{"self":[{"href":"https:\/\/demuller.es\/ca\/wp-json\/wp\/v2\/product\/961","targetHints":{"allow":["GET"]}}],"collection":[{"href":"https:\/\/demuller.es\/ca\/wp-json\/wp\/v2\/product"}],"about":[{"href":"https:\/\/demuller.es\/ca\/wp-json\/wp\/v2\/types\/product"}],"version-history":[{"count":0,"href":"https:\/\/demuller.es\/ca\/wp-json\/wp\/v2\/product\/961\/revisions"}],"wp:attachment":[{"href":"https:\/\/demuller.es\/ca\/wp-json\/wp\/v2\/media?parent=961"}],"wp:term":[{"taxonomy":"product_brand","embeddable":true,"href":"https:\/\/demuller.es\/ca\/wp-json\/wp\/v2\/product_brand?post=961"},{"taxonomy":"product_cat","embeddable":true,"href":"https:\/\/demuller.es\/ca\/wp-json\/wp\/v2\/product_cat?post=961"},{"taxonomy":"product_tag","embeddable":true,"href":"https:\/\/demuller.es\/ca\/wp-json\/wp\/v2\/product_tag?post=961"}],"curies":[{"name":"wp","href":"https:\/\/api.w.org\/{rel}","templated":true}]}}

<p>Excepcional cupatge de Cabernet Sauvignon, Merlot i Tempranillo, procedent de raïms seleccionats de la nostra finca de Mas de Valls, masia típica catalana del segle XIV situada a l&#8217;antiga partida de Les Pórpores, al municipi de Reus.</p>
<p>De bell color morat amb tonalitats grana i reflexos púrpura.</p>
<p>Ple i complex en aromes, que ens aporten un vi de gran tarannà, equilibrat i rodó, amb un bouquet de magnífica elegància i finor. Aroma càlid i sensual, de fruites vermelles del bosc, cassis, i suaus notes de pebrot verd, que apareixen fugaçment davant la imminent i majestuosa aroma torrefacta i especiada, proporcionada pel seu envelliment en els tres roures, &#8211; francès, hongarès i romanès-, de cacau, cafè i vainilla. </p>
<p>Vi aterciopelat, equilibrat i rodó, d&#8217;exquisit paladar.</p>
<p>Excel·lent pas en boca, on fructuositat i roure s&#8217;entrellacen harmoniosament.</p>
<p>De postgust molt prolongat, tant en sabors com en aromes retronasals; tot un plaer per als amants dels negres reserves.</p>
<p>Company de les millors menjades; guisats de carns vermelles, plats típics com garrí o lletó al forn, taules de formatges curats o assortiments d&#8217;embotits ibèrics.</p>

<p>Vi negre Reserva. El caràcter concedit pel temps de criança en barriques de roure americà i francès troba la seva correcta evolució amb la seva guarda en ampolla. </p>

Vi negre Reserva. El caràcter concedit pel temps de criança en barriques de roure americà i francès troba la seva correcta evolució amb la seva guarda en ampoll
